{"id":1145,"date":"2022-08-21T16:11:55","date_gmt":"2022-08-21T14:11:55","guid":{"rendered":"http:\/\/lesmineurs.fr\/?page_id=1145"},"modified":"2024-11-07T15:55:44","modified_gmt":"2024-11-07T14:55:44","slug":"discographie-2","status":"publish","type":"page","link":"https:\/\/lesmineurs.fr\/index.php\/discographie-2\/","title":{"rendered":"Discographie"},"content":{"rendered":"\n<div class=\"wp-block-columns is-layout-flex wp-container-core-columns-is-layout-1 wp-block-columns-is-layout-flex\">\n<div class=\"wp-block-column is-layout-flow wp-block-column-is-layout-flow\">\n<figure class=\"wp-block-image size-large\"><img loading=\"lazy\" decoding=\"async\" width=\"1024\" height=\"1024\" src=\"http:\/\/lesmineurs.fr\/wp-content\/uploads\/2024\/11\/Cover-MdF-1-1024x1024.png\" alt=\"\" class=\"wp-image-2479\" srcset=\"https:\/\/lesmineurs.fr\/wp-content\/uploads\/2024\/11\/Cover-MdF-1-1024x1024.png 1024w, https:\/\/lesmineurs.fr\/wp-content\/uploads\/2024\/11\/Cover-MdF-1-300x300.png 300w, https:\/\/lesmineurs.fr\/wp-content\/uploads\/2024\/11\/Cover-MdF-1-150x150.png 150w, https:\/\/lesmineurs.fr\/wp-content\/uploads\/2024\/11\/Cover-MdF-1-768x768.png 768w, https:\/\/lesmineurs.fr\/wp-content\/uploads\/2024\/11\/Cover-MdF-1-1536x1536.png 1536w, https:\/\/lesmineurs.fr\/wp-content\/uploads\/2024\/11\/Cover-MdF-1-2048x2048.png 2048w, https:\/\/lesmineurs.fr\/wp-content\/uploads\/2024\/11\/Cover-MdF-1-100x100.png 100w\" sizes=\"auto, (max-width: 767px) 89vw, (max-width: 1000px) 54vw, (max-width: 1071px) 543px, 580px\" \/><\/figure>\n<\/div>\n\n\n\n<div class=\"wp-block-column is-layout-flow wp-block-column-is-layout-flow\">\n<h2 class=\"wp-block-heading\">MINEURS DE FOND<\/h2>\n\n\n\n<p>Single &#8211; Octobre 2024<\/p>\n\n\n\n<div class=\"wp-block-buttons is-content-justification-center is-layout-flex wp-container-core-buttons-is-layout-1 wp-block-buttons-is-layout-flex\">\n<div class=\"wp-block-button\"><a class=\"wp-block-button__link has-text-color has-background has-link-color wp-element-button\" href=\"https:\/\/www.submithub.com\/link\/les-mineurs-mineurs-de-fond?fbclid=IwY2xjawGZsmBleHRuA2FlbQIxMAABHb_uORhon9G7g_JYSQyX4X_-yGMRwtNXnEFFeRKiCIevHPk2vz_fHQcqqQ_aem_VyTOhJtNJN5CZXEU9bl2UQ\" style=\"border-radius:0px;color:#3a2878;background-color:#f7ddc0\">L&rsquo;\u00c9COUTER<\/a><\/div>\n<\/div>\n<\/div>\n<\/div>\n\n\n\n<p>Double Single m\u00ealant une composition et une reprise:<\/p>\n\n\n\n<p>&#8211; Mineurs de Fond, composition originale par\u00e9e d&rsquo;un texte fort sur la violence de la d\u00e9sindustrialisation, un monde et une \u00e9poque r\u00e9volus.<\/p>\n\n\n\n<p>&#8211; <a><\/a>La Tendresse, reprise de la c\u00e9l\u00e8bre chanson de Bourvil, color\u00e9e avec la palette des Mineurs<\/p>\n\n\n\n<hr class=\"wp-block-separator has-alpha-channel-opacity\"\/>\n\n\n\n<div class=\"wp-block-columns is-layout-flex wp-container-core-columns-is-layout-2 wp-block-columns-is-layout-flex\">\n<div class=\"wp-block-column is-vertically-aligned-center is-layout-flow wp-block-column-is-layout-flow\">\n<figure class=\"wp-block-image size-full is-style-default\"><img loading=\"lazy\" decoding=\"async\" width=\"1000\" height=\"1000\" src=\"http:\/\/lesmineurs.fr\/wp-content\/uploads\/2024\/07\/Pochette-Live-2.png\" alt=\"\" class=\"wp-image-2301\" srcset=\"https:\/\/lesmineurs.fr\/wp-content\/uploads\/2024\/07\/Pochette-Live-2.png 1000w, https:\/\/lesmineurs.fr\/wp-content\/uploads\/2024\/07\/Pochette-Live-2-300x300.png 300w, https:\/\/lesmineurs.fr\/wp-content\/uploads\/2024\/07\/Pochette-Live-2-150x150.png 150w, https:\/\/lesmineurs.fr\/wp-content\/uploads\/2024\/07\/Pochette-Live-2-768x768.png 768w, https:\/\/lesmineurs.fr\/wp-content\/uploads\/2024\/07\/Pochette-Live-2-100x100.png 100w\" sizes=\"auto, (max-width: 767px) 89vw, (max-width: 1000px) 54vw, (max-width: 1071px) 543px, 580px\" \/><\/figure>\n<\/div>\n\n\n\n<div class=\"wp-block-column is-layout-flow wp-block-column-is-layout-flow\">\n<h2 class=\"wp-block-heading\">\u00c0 L&rsquo;\u00c9TINCELLE<\/h2>\n\n\n\n<p><em>Single Live &#8211; Juin 2024<\/em><\/p>\n\n\n\n<div class=\"wp-block-buttons is-content-justification-center is-layout-flex wp-container-core-buttons-is-layout-2 wp-block-buttons-is-layout-flex\">\n<div class=\"wp-block-button is-style-fill\"><a class=\"wp-block-button__link has-text-color has-background has-link-color wp-element-button\" href=\"https:\/\/distrokid.com\/hyperfollow\/lesmineurs\/live--letincelle\" style=\"border-radius:0px;color:#f7ddc0;background-color:#3a2878\">L&rsquo;\u00c9COUTER<\/a><\/div>\n<\/div>\n<\/div>\n<\/div>\n\n\n\n<div class=\"wp-block-columns is-layout-flex wp-container-core-columns-is-layout-4 wp-block-columns-is-layout-flex\">\n<div class=\"wp-block-column is-layout-flow wp-block-column-is-layout-flow\">\n<p>Enregistr\u00e9 lors du concert du 16 D\u00e9cembre 2023 \u00e0 la salle de l&rsquo;Etincelle \u00e0 Ablis, nous proposons notre titre \u00ab\u00a0Nuits Musicales\u00a0\u00bb avec un go\u00fbt \u00ab\u00a0Live\u00a0\u00bb et une nouvelle reprise \u00ab\u00a0La Complainte de Pablo Neruda\u00a0\u00bb de Jean Ferrat.<\/p>\n\n\n\n<p>Il nous permet de nous rem\u00e9morer de toutes ces dates de concerts fortes en \u00e9motions et en partage.<\/p>\n\n\n\n<hr class=\"wp-block-separator has-alpha-channel-opacity\"\/>\n\n\n\n<div class=\"wp-block-columns is-layout-flex wp-container-core-columns-is-layout-3 wp-block-columns-is-layout-flex\">\n<div class=\"wp-block-column is-layout-flow wp-block-column-is-layout-flow\">\n<figure class=\"wp-block-image size-large is-style-default\"><img loading=\"lazy\" decoding=\"async\" width=\"1024\" height=\"1024\" src=\"http:\/\/lesmineurs.fr\/wp-content\/uploads\/2023\/05\/Pochette-Album-1024x1024.jpg\" alt=\"\" class=\"wp-image-1479\" srcset=\"https:\/\/lesmineurs.fr\/wp-content\/uploads\/2023\/05\/Pochette-Album-1024x1024.jpg 1024w, https:\/\/lesmineurs.fr\/wp-content\/uploads\/2023\/05\/Pochette-Album-300x300.jpg 300w, https:\/\/lesmineurs.fr\/wp-content\/uploads\/2023\/05\/Pochette-Album-150x150.jpg 150w, https:\/\/lesmineurs.fr\/wp-content\/uploads\/2023\/05\/Pochette-Album-768x768.jpg 768w, https:\/\/lesmineurs.fr\/wp-content\/uploads\/2023\/05\/Pochette-Album-1536x1536.jpg 1536w, https:\/\/lesmineurs.fr\/wp-content\/uploads\/2023\/05\/Pochette-Album-2048x2048.jpg 2048w\" sizes=\"auto, (max-width: 767px) 89vw, (max-width: 1000px) 54vw, (max-width: 1071px) 543px, 580px\" \/><\/figure>\n<\/div>\n\n\n\n<div class=\"wp-block-column is-layout-flow wp-block-column-is-layout-flow\">\n<h2 class=\"wp-block-heading\">LES HOMMES DE BURIDAN<\/h2>\n\n\n\n<p><em>1er Album &#8211; Mai 2023<\/em><\/p>\n\n\n\n<div class=\"wp-block-buttons is-content-justification-center is-layout-flex wp-container-core-buttons-is-layout-3 wp-block-buttons-is-layout-flex\">\n<div class=\"wp-block-button\"><a class=\"wp-block-button__link has-text-color has-background has-link-color wp-element-button\" href=\"https:\/\/distrokid.com\/hyperfollow\/lesmineurs\/les-hommes-de-buridan\" style=\"border-radius:0px;color:#dc4833;background-color:#f7ddc0\">L&rsquo;\u00c9COUTER<\/a><\/div>\n\n\n\n<div class=\"wp-block-button\"><a class=\"wp-block-button__link has-text-color has-background has-link-color wp-element-button\" href=\"https:\/\/www.lescompagnonsmanoqueux.fr\/collect\/description\/318617-z-album-les-hommes-de-buridan\" style=\"border-radius:0px;color:#dc4833;background-color:#f7ddc0\">BOUTIQUE<\/a><\/div>\n<\/div>\n<\/div>\n<\/div>\n<\/div>\n<\/div>\n\n\n\n<p>Aboutissement d&rsquo;un travail de 2 ans. Les Mineurs sont au regard de la fable philosophique : \u00ab\u00a0l&rsquo;Ane de Buridan\u00a0\u00bb, au bout de leur chemin \u00e0 deux. Se confrontant \u00e0 de nombreuses envies, de nouvelles inspirations, nous souhaitons prendre de nouveaux chemins. Ce besoin de prendre du recul est l&rsquo;\u00e9l\u00e9ment fondateur de cet album. Dor\u00e9navant trois sur sc\u00e8ne, Les Mineurs vont changer, non pas en profondeur car la base est d\u00e9sapr\u00e9sent solide avec ce 1er album, mais un vent de nouvelles recherches s&rsquo;est lev\u00e9.&nbsp;<\/p>\n\n\n\n<p>Cet album repr\u00e9sente l&rsquo;univers de duo, avec Bastien et Simon. Vous y trouverez l&rsquo;eccl\u00e9ctisme que les deux singles ont entrevue allant de textes l\u00e9ger qui racontent plus de choses qu&rsquo;ils n&rsquo;y paraissent et d&rsquo;autres moins consensuels qui livrent \u00e0 coeur ouvert le monde que Les Mineurs observent.<\/p>\n\n\n\n<hr class=\"wp-block-separator has-alpha-channel-opacity\"\/>\n\n\n\n<div class=\"wp-block-columns is-layout-flex wp-container-core-columns-is-layout-5 wp-block-columns-is-layout-flex\">\n<div class=\"wp-block-column is-layout-flow wp-block-column-is-layout-flow\"><div class=\"wp-block-image\">\n<figure class=\"aligncenter size-large\"><img loading=\"lazy\" decoding=\"async\" width=\"1024\" height=\"1024\" src=\"http:\/\/lesmineurs.fr\/wp-content\/uploads\/2023\/02\/Lesyeux_300DPI-copie-1-1024x1024.png\" alt=\"\" class=\"wp-image-1417\" srcset=\"https:\/\/lesmineurs.fr\/wp-content\/uploads\/2023\/02\/Lesyeux_300DPI-copie-1-1024x1024.png 1024w, https:\/\/lesmineurs.fr\/wp-content\/uploads\/2023\/02\/Lesyeux_300DPI-copie-1-300x300.png 300w, https:\/\/lesmineurs.fr\/wp-content\/uploads\/2023\/02\/Lesyeux_300DPI-copie-1-150x150.png 150w, https:\/\/lesmineurs.fr\/wp-content\/uploads\/2023\/02\/Lesyeux_300DPI-copie-1-768x768.png 768w, https:\/\/lesmineurs.fr\/wp-content\/uploads\/2023\/02\/Lesyeux_300DPI-copie-1-1536x1536.png 1536w, https:\/\/lesmineurs.fr\/wp-content\/uploads\/2023\/02\/Lesyeux_300DPI-copie-1-2048x2048.png 2048w\" sizes=\"auto, (max-width: 767px) 89vw, (max-width: 1000px) 54vw, (max-width: 1071px) 543px, 580px\" \/><\/figure><\/div><\/div>\n\n\n\n<div class=\"wp-block-column is-layout-flow wp-block-column-is-layout-flow\">\n<h2 class=\"wp-block-heading\">LES YEUX<\/h2>\n\n\n\n<p><em>Single &#8211; Janvier 2023<\/em><\/p>\n\n\n\n<div class=\"wp-block-buttons is-content-justification-center is-layout-flex wp-container-core-buttons-is-layout-4 wp-block-buttons-is-layout-flex\">\n<div class=\"wp-block-button\"><a class=\"wp-block-button__link has-text-color has-background has-link-color wp-element-button\" href=\"https:\/\/distrokid.com\/hyperfollow\/lesmineurs\/les-yeux\" style=\"border-radius:0px;color:#f7ddc0;background-color:#2b2d24\">L&rsquo;\u00c9COUTER<\/a><\/div>\n<\/div>\n<\/div>\n<\/div>\n\n\n\n<p>On croise tous des regards qui veulent rien et parfois tout dire et m\u00eame qui nous laissent \u00e0 notre imagination. Les yeux sont les fen\u00eatres vers nos \u00e2mes et ont du mal \u00e0 cacher les \u00e9motions qui nous traversent.&nbsp;<\/p>\n\n\n\n<p>La volont\u00e9 de contraster avec notre 1er single est importante pour comprendre la g\u00e9n\u00e8se et l&rsquo;arriv\u00e9e de notre prochain album. Nous ne sommes ni dans une cat\u00e9gorie, ni dans une autre, mais le groupe est travers\u00e9 par une multitude d&rsquo;influences,de tentations.<\/p>\n\n\n\n<p>Ce jeu d&rsquo;\u00e9quilibriste entre ce que nous sommes et ceux que nous aspirons \u00e0 \u00eatre, donne ce deuxi\u00e8me single puissant et tranchant. La rythmique lourde parfois pesante, ancr\u00e9e dans le temps laisse s&rsquo;\u00e9chapper une po\u00e9sie par des m\u00e9taphores lisibles par tous mais qui laissent des images, des \u00e9motions, des souvenirs \u00e0 chacun.<\/p>\n\n\n\n<hr class=\"wp-block-separator has-alpha-channel-opacity\"\/>\n\n\n\n<div class=\"wp-block-columns is-layout-flex wp-container-core-columns-is-layout-6 wp-block-columns-is-layout-flex\">\n<div class=\"wp-block-column is-layout-flow wp-block-column-is-layout-flow\"><div class=\"wp-block-image\">\n<figure class=\"aligncenter size-large\"><img loading=\"lazy\" decoding=\"async\" width=\"1024\" height=\"1024\" src=\"http:\/\/lesmineurs.fr\/wp-content\/uploads\/2022\/08\/Pochette-Single-Tld-1024x1024.png\" alt=\"\" class=\"wp-image-1149\" srcset=\"https:\/\/lesmineurs.fr\/wp-content\/uploads\/2022\/08\/Pochette-Single-Tld-1024x1024.png 1024w, https:\/\/lesmineurs.fr\/wp-content\/uploads\/2022\/08\/Pochette-Single-Tld-300x300.png 300w, https:\/\/lesmineurs.fr\/wp-content\/uploads\/2022\/08\/Pochette-Single-Tld-150x150.png 150w, https:\/\/lesmineurs.fr\/wp-content\/uploads\/2022\/08\/Pochette-Single-Tld-768x768.png 768w, https:\/\/lesmineurs.fr\/wp-content\/uploads\/2022\/08\/Pochette-Single-Tld-1536x1536.png 1536w, https:\/\/lesmineurs.fr\/wp-content\/uploads\/2022\/08\/Pochette-Single-Tld-2048x2048.png 2048w, https:\/\/lesmineurs.fr\/wp-content\/uploads\/2022\/08\/Pochette-Single-Tld-600x600.png 600w, https:\/\/lesmineurs.fr\/wp-content\/uploads\/2022\/08\/Pochette-Single-Tld-100x100.png 100w\" sizes=\"auto, (max-width: 767px) 89vw, (max-width: 1000px) 54vw, (max-width: 1071px) 543px, 580px\" \/><\/figure><\/div><\/div>\n\n\n\n<div class=\"wp-block-column is-layout-flow wp-block-column-is-layout-flow\">\n<h2 class=\"wp-block-heading\">TOUS LES DEUX<\/h2>\n\n\n\n<p><em>Single \/ Clip &#8211; Septembre 2022<\/em><\/p>\n\n\n\n<div class=\"wp-block-buttons is-content-justification-center is-layout-flex wp-container-core-buttons-is-layout-5 wp-block-buttons-is-layout-flex\">\n<div class=\"wp-block-button\"><a class=\"wp-block-button__link has-text-color has-background has-link-color wp-element-button\" href=\"https:\/\/distrokid.com\/hyperfollow\/lesmineurs\/tous-les-deux\" style=\"border-radius:0px;color:#f7ddc0;background-color:#dc4833\">L&rsquo;\u00c9COUTER<\/a><\/div>\n\n\n\n<div class=\"wp-block-button\"><a class=\"wp-block-button__link has-text-color has-background has-link-color wp-element-button\" href=\"https:\/\/www.youtube.com\/watch?v=F3lwN-WgrxA\" style=\"border-radius:0px;color:#f7ddc0;background-color:#dc4833\">LE VOIR<\/a><\/div>\n\n\n\n<div class=\"wp-block-button\"><a class=\"wp-block-button__link has-text-color has-background has-link-color wp-element-button\" href=\"https:\/\/lesmineurs.fr\/index.php\/tous-les-deux\/\" style=\"border-radius:0px;color:#f7ddc0;background-color:#dc4833\">LIVRET &amp; TABS<\/a><\/div>\n<\/div>\n<\/div>\n<\/div>\n\n\n\n<p>Il est n\u00e9 dans le processus de notre 1er ablum, \u00ab\u00a0Les Hommes de Buridan\u00a0\u00bb. Travaillant autour de notre dualit\u00e9, ce premier single se veut lumineux, joyeux en opposition au second, plus sombre, plus intime : Les Yeux.<\/p>\n\n\n\n<p>On a tous fantansm\u00e9 d&rsquo;une relation qui ne s&rsquo;est jamais r\u00e9alis\u00e9e. Cr\u00e9\u00e9 courant l&rsquo;\u00e9t\u00e9 2020, \u00ab\u00a0Tous les deux\u00a0\u00bb raconte l&rsquo;histoire d&rsquo;un type qui s&rsquo;imagine vivre la plus belle rencontre de sa vie. Soit par paresse, soit par timidit\u00e9, il n&rsquo;ose pas l&rsquo;approcher, malgr\u00e9 les sentiments forts qui l&rsquo;animent.<\/p>\n\n\n\n<p>Energique et ensoleil\u00e9e, cette chanson fait danser par ses rythmes de guitare, son groove de contrebasse et son refrain ent\u00eatant. Elle permettra \u00e0 chacun de se souvenir des ses amours d&rsquo;\u00e9t\u00e9 ou manqu\u00e9s.&nbsp;<\/p>\n\n\n\n<hr class=\"wp-block-separator has-alpha-channel-opacity\"\/>\n\n\n\n<div class=\"wp-block-columns is-layout-flex wp-container-core-columns-is-layout-7 wp-block-columns-is-layout-flex\">\n<div class=\"wp-block-column is-layout-flow wp-block-column-is-layout-flow\"><div class=\"wp-block-image\">\n<figure class=\"aligncenter size-large\"><img loading=\"lazy\" decoding=\"async\" width=\"1024\" height=\"1024\" src=\"http:\/\/lesmineurs.fr\/wp-content\/uploads\/2022\/08\/Jaquette-V1-1024x1024.png\" alt=\"\" class=\"wp-image-1151\" srcset=\"https:\/\/lesmineurs.fr\/wp-content\/uploads\/2022\/08\/Jaquette-V1-1024x1024.png 1024w, https:\/\/lesmineurs.fr\/wp-content\/uploads\/2022\/08\/Jaquette-V1-300x300.png 300w, https:\/\/lesmineurs.fr\/wp-content\/uploads\/2022\/08\/Jaquette-V1-150x150.png 150w, https:\/\/lesmineurs.fr\/wp-content\/uploads\/2022\/08\/Jaquette-V1-768x768.png 768w, https:\/\/lesmineurs.fr\/wp-content\/uploads\/2022\/08\/Jaquette-V1-1536x1536.png 1536w, https:\/\/lesmineurs.fr\/wp-content\/uploads\/2022\/08\/Jaquette-V1-600x600.png 600w, https:\/\/lesmineurs.fr\/wp-content\/uploads\/2022\/08\/Jaquette-V1-100x100.png 100w, https:\/\/lesmineurs.fr\/wp-content\/uploads\/2022\/08\/Jaquette-V1.png 2000w\" sizes=\"auto, (max-width: 767px) 89vw, (max-width: 1000px) 54vw, (max-width: 1071px) 543px, 580px\" \/><\/figure><\/div><\/div>\n\n\n\n<div class=\"wp-block-column is-layout-flow wp-block-column-is-layout-flow\">\n<h2 class=\"wp-block-heading\">LES MINEURS<\/h2>\n\n\n\n<p><em>1er EP &#8211; Juillet 2021<\/em><\/p>\n\n\n\n<div class=\"wp-block-buttons is-content-justification-center is-layout-flex wp-container-core-buttons-is-layout-6 wp-block-buttons-is-layout-flex\">\n<div class=\"wp-block-button\"><a class=\"wp-block-button__link has-white-color has-black-background-color has-text-color has-background has-link-color wp-element-button\" href=\"https:\/\/distrokid.com\/hyperfollow\/lesmineurs\/les-mineurs\" style=\"border-radius:0px\">L&rsquo;\u00c9COUTER<\/a><\/div>\n\n\n\n<div class=\"wp-block-button\"><a class=\"wp-block-button__link has-white-color has-black-background-color has-text-color has-background has-link-color wp-element-button\" href=\"https:\/\/www.lescompagnonsmanoqueux.fr\/collect\/description\/269781-f-premier-ep-les-mineurs\" style=\"border-radius:0px\">BOUTIQUE<\/a><\/div>\n\n\n\n<div class=\"wp-block-button\"><a class=\"wp-block-button__link has-white-color has-black-background-color has-text-color has-background has-link-color wp-element-button\" href=\"https:\/\/lesmineurs.fr\/index.php\/paroles-tabs\/\" style=\"border-radius:0px\">LIVRET &amp; TABS<\/a><\/div>\n<\/div>\n<\/div>\n<\/div>\n\n\n\n<p>Il nous a permis de commencer \u00e0 apr\u00e9hender notre travail de duo. Il est le r\u00e9sultat de notre rencontre, d&rsquo;un confinement de 2 mois.<\/p>\n\n\n\n<p>Il m\u00eale l&rsquo;\u00e9mergence de notre po\u00e9sie, de nos combats et de nos histoires.&nbsp;<\/p>\n\n\n\n<p>Par ces cr\u00e9ations, vous d\u00e9couvrirez une partie de notre univers. Passant de la m\u00e9lancolie \u00e0 la joie, de la col\u00e8re \u00e0 l&rsquo;humour, ces contrastes nourissent notre \u00e9criture et notre envie de partager.<\/p>\n\n\n\n<p>Nous remercions chaleureusement l&rsquo;ensemble des participants \u00e0 la campagne de crowdfunding qui a permis l&rsquo;existance de cet EP et de notre belle aventure.<\/p>\n\n\n<div class=\"style-766 style-local-1145-c1 position-relative\" data-colibri-id=\"1145-c1\">\n<div id=\"initial-content\" class=\"h-section h-section-global-spacing d-flex align-items-lg-center align-items-md-center align-items-center style-767 style-local-1145-c2 position-relative\" data-colibri-component=\"section\" data-colibri-id=\"1145-c2\">\n<div class=\"h-section-grid-container h-section-boxed-container\">\n<div class=\"h-row-container gutters-row-lg-2 gutters-row-md-2 gutters-row-0 gutters-row-v-lg-2 gutters-row-v-md-2 gutters-row-v-2 style-768 style-local-1145-c3 position-relative\" data-colibri-id=\"1145-c3\">\n<div class=\"h-row justify-content-lg-center justify-content-md-center justify-content-center align-items-lg-stretch align-items-md-stretch align-items-stretch gutters-col-lg-2 gutters-col-md-2 gutters-col-0 gutters-col-v-lg-2 gutters-col-v-md-2 gutters-col-v-2\">\n<div class=\"h-column h-column-container d-flex h-col-lg-auto h-col-md-auto h-col-auto style-769-outer style-local-1145-c4-outer\">\n<div class=\"d-flex h-flex-basis h-column__inner h-px-lg-2 h-px-md-2 h-px-2 v-inner-lg-2 v-inner-md-2 v-inner-2 style-769 style-local-1145-c4 position-relative\" data-colibri-id=\"1145-c4\">\n<div class=\"w-100 h-y-container h-column__content h-column__v-align flex-basis-100 align-self-lg-start align-self-md-start align-self-start\">\n<div class=\"h-x-container style-770 style-local-1145-c5 position-relative h-element\" data-colibri-id=\"1145-c5\">\n<div class=\"h-x-container-inner style-dynamic-1145-c5-group style-770-spacing style-local-1145-c5-spacing\"><span class=\"h-link__outer style-771-outer style-local-1145-c6-outer d-inline-flex h-element\"><a class=\"d-flex w-100 align-items-center h-link style-771 style-local-1145-c6 position-relative\" href=\"http:\/\/lesmineurs.fr\/index.php\/paroles-tablatures\/\" data-colibri-id=\"1145-c6\"> Versions imprimables avec tablatures (cliquez ici)<\/a><br \/><\/span><\/div>\n<\/div>\n<\/div>\n<\/div>\n<\/div>\n<\/div>\n<\/div>\n<div class=\"h-row-container gutters-row-lg-2 gutters-row-md-2 gutters-row-0 gutters-row-v-lg-2 gutters-row-v-md-2 gutters-row-v-2 style-787 style-local-1145-c7 position-relative\" data-colibri-id=\"1145-c7\">\n<div class=\"h-row justify-content-lg-center justify-content-md-center justify-content-center align-items-lg-stretch align-items-md-stretch align-items-stretch gutters-col-lg-2 gutters-col-md-2 gutters-col-0 gutters-col-v-lg-2 gutters-col-v-md-2 gutters-col-v-2\">\n<div class=\"h-column h-column-container d-flex h-col-lg-auto h-col-md-auto h-col-auto style-788-outer style-local-1145-c8-outer\">\n<div class=\"d-flex h-flex-basis h-column__inner h-px-lg-2 h-px-md-2 h-px-2 v-inner-lg-2 v-inner-md-2 v-inner-2 style-788 style-local-1145-c8 position-relative\" data-colibri-id=\"1145-c8\">\n<div class=\"w-100 h-y-container h-column__content h-column__v-align flex-basis-100 align-self-lg-start align-self-md-start align-self-start\">\n<div class=\"h-global-transition-all h-heading style-789 style-local-1145-c9 position-relative h-element\" data-colibri-id=\"1145-c9\">\n<div class=\"h-heading__outer style-789 style-local-1145-c9\">\n<h1>\u00a0<\/h1>\n<\/div>\n<\/div>\n<\/div>\n<\/div>\n<\/div>\n<\/div>\n<\/div>\n<\/div>\n<\/div>\n<\/div>\n\n\n<div class=\"wp-block-columns is-layout-flex wp-container-core-columns-is-layout-8 wp-block-columns-is-layout-flex\">\n<div class=\"wp-block-column is-layout-flow wp-block-column-is-layout-flow\"><\/div>\n\n\n\n<div class=\"wp-block-column is-layout-flow wp-block-column-is-layout-flow\"><\/div>\n<\/div>\n","protected":false},"excerpt":{"rendered":"<p>MINEURS DE FOND Single &#8211; Octobre 2024 Double Single m\u00ealant une composition et une reprise: &#8211; Mineurs de Fond, composition originale par\u00e9e d&rsquo;un texte fort sur la violence de la d\u00e9sindustrialisation, un monde et une \u00e9poque r\u00e9volus. &#8211; La Tendresse, reprise de la c\u00e9l\u00e8bre chanson de Bourvil, color\u00e9e avec la palette des Mineurs \u00c0 L&rsquo;\u00c9TINCELLE &hellip; <\/p>\n<p class=\"link-more\"><a href=\"https:\/\/lesmineurs.fr\/index.php\/discographie-2\/\" class=\"more-link\">Continuer la lecture<span class=\"screen-reader-text\"> de &laquo;&nbsp;Discographie&nbsp;&raquo;<\/span><\/a><\/p>\n","protected":false},"author":1,"featured_media":0,"parent":0,"menu_order":0,"comment_status":"closed","ping_status":"closed","template":"page-templates\/full-width-page.php","meta":{"footnotes":""},"class_list":["post-1145","page","type-page","status-publish","hentry"],"jetpack_sharing_enabled":true,"_links":{"self":[{"href":"https:\/\/lesmineurs.fr\/index.php\/wp-json\/wp\/v2\/pages\/1145","targetHints":{"allow":["GET"]}}],"collection":[{"href":"https:\/\/lesmineurs.fr\/index.php\/wp-json\/wp\/v2\/pages"}],"about":[{"href":"https:\/\/lesmineurs.fr\/index.php\/wp-json\/wp\/v2\/types\/page"}],"author":[{"embeddable":true,"href":"https:\/\/lesmineurs.fr\/index.php\/wp-json\/wp\/v2\/users\/1"}],"replies":[{"embeddable":true,"href":"https:\/\/lesmineurs.fr\/index.php\/wp-json\/wp\/v2\/comments?post=1145"}],"version-history":[{"count":26,"href":"https:\/\/lesmineurs.fr\/index.php\/wp-json\/wp\/v2\/pages\/1145\/revisions"}],"predecessor-version":[{"id":2482,"href":"https:\/\/lesmineurs.fr\/index.php\/wp-json\/wp\/v2\/pages\/1145\/revisions\/2482"}],"wp:attachment":[{"href":"https:\/\/lesmineurs.fr\/index.php\/wp-json\/wp\/v2\/media?parent=1145"}],"curies":[{"name":"wp","href":"https:\/\/api.w.org\/{rel}","templated":true}]}}